a multiple of 81?
True
Does 34 divide 351599053?
False
Is 41 a factor of 135037179?
False
Is 423 a factor of 21589727?
False
Does 14 divide 3312040130?
True
Is 5 a factor of 37251639?
False
Is 489 a factor of 7583909313?
True
Is 37 a factor of 81260852?
False
Is 2743076332 a multiple of 1097?
False
Is 23050755 a multiple of 315?
True
Does 230 divide 610764080?
True
Is 16686387 a multiple of 9?
True
Is 269 a factor of 105559635?
True
Is 37 a factor of 524708699?
False
Is 45 a factor of 2339780833?
False
Is 37575664 a multiple of 299?
False
Is 33 a factor of 260681928?
False
Is 27 a factor of 43331239?
False
Is 1465181250 a multiple of 78?
True
Does 115 divide 9487615?
True
Is 140118239 a multiple of 275?
False
Is 435 a factor of 56372461?
False
Does 3 divide 136269555?
True
Does 8 divide 13985943?
False
Is 1898 a factor of 132996656?
True
Does 52 divide 280349324?
False
Is 464834348 a multiple of 22?
True
Is 594 a factor of 183458888?
False
Is 61 a factor of 1106075790?
True
Is 355014661 a multiple of 152?
False
Is 1961805678 a multiple of 714?
True
Is 986 a factor of 1322226?
True
Does 47 divide 314447721?
False
Does 22 divide 454468916?
True
Does 28 divide 123076021?
False
Does 7 divide 25532889?
False
Is 151361548 a multiple of 344?
False
Does 4 divide 6568866?
False
Does 12 divide 1299457053?
False
Does 36 divide 27382462?
False
Is 2221 a factor of 1526750936?
True
Is 12272270 a multiple of 326?
True
Does 23 divide 129747623?
True
Is 880 a factor of 2489520?
True
Does 207 divide 1048932443?
False
Is 3 a factor of 2999237?
False
Does 3748 divide 28125846?
False
Is 1622504793 a multiple of 1538?
False
Does 2 divide 8529460?
True
Is 21828960 a multiple of 815?
True
Is 418596090 a multiple of 110?
True
Is 625970961 a multiple of 9303?
True
Is 1817190864 a multiple of 158?
True
Is 369998087 a multiple of 70?
False
Is 102062534 a multiple of 44?
False
Is 10998567 a multiple of 998?
False
Does 2105 divide 1453614065?
True
Is 599975 a multiple of 25?
True
Does 59 divide 199419201?
False
Is 825766289 a multiple of 19?
False
Does 245 divide 24877492?
False
Does 44 divide 13024976?
False
Is 3 a factor of 32752770?
True
Is 70 a factor of 6404915720?
True
Is 260331188 a multiple of 548?
False
Is 31 a factor of 174004073?
False
Does 9 divide 82742875?
False
Is 1355 a factor of 172570555?
False
Is 360499534 a multiple of 7034?
True
Is 37965368 a multiple of 28?
True
Is 161428020 a multiple of 2624?
False
Does 1354 divide 474051648?
True
Is 53305896 a multiple of 1204?
True
Is 19 a factor of 17396103?
False
Is 4934 a factor of 714074342?
False
Is 319 a factor of 65698369?
True
Is 85332212 a multiple of 37?
True
Is 61 a factor of 105749783?
True
Is 9 a factor of 195910299?
True
Is 38 a factor of 908656?
True
Is 3780 a factor of 602443479?
False
Does 2946 divide 657738491?
False
Is 17054332 a multiple of 1116?
False
Does 12 divide 1446300?
True
Is 89 a factor of 612459730?
True
Is 361579093 a multiple of 944?
False
Is 161936115 a multiple of 8?
False
Is 71419817 a multiple of 145?
False
Does 196 divide 31015444?
False
Is 91578802 a multiple of 344?
False
Is 4500338 a multiple of 83?
False
Is 25796287 a multiple of 14?
False
Is 19 a factor of 38407170?
True
Does 90 divide 50643751?
False
Does 2579 divide 2463598400?
False
Does 161 divide 437639255?
False
Is 519372174 a multiple of 499?
True
Is 1087913394 a multiple of 52?
False
Does 68 divide 7114092?
True
Is 41 a factor of 365184950?
True
Does 190 divide 110273720?
True
Is 14941752 a multiple of 96?
False
Is 59 a factor of 45167389?
False
Is 1058 a factor of 52532010?
False
Does 974 divide 14309034?
True
Does 53 divide 5096957?
True
Is 252978 a multiple of 2?
True
Is 97 a factor of 102488367?
False
Is 3840500404 a multiple of 26?
True
Is 917647374 a multiple of 535?
False
Does 859 divide 2208508774?
False
Is 916898442 a multiple of 195?
False
Is 36684544 a multiple of 13?
True
Does 7 divide 3885777?
True
Is 5 a factor of 22607574?
False
Is 170417920 a multiple of 1856?
True
Is 6212772 a multiple of 2?
True
Does 1335 divide 946064737?
False
Does 94 divide 38032776?
True
Does 1750 divide 50200203?
False
Is 183 a factor of 2216679?
True
Is 7 a factor of 14012984?
False
Is 2289667613 a multiple of 2175?
False
Does 25 divide 60208150?
True
Is 137840177 a multiple of 1066?
False
Does 43 divide 2870286281?
False
Does 708 divide 326338905?
False
Is 14400601 a multiple of 366?
False
Does 105 divide 39374125?
False
Is 99 a factor of 23973474?
False
Is 69 a factor of 469521504?
False
Is 503440767 a multiple of 79?
False
Is 662584320 a multiple of 640?
True
Does 1310 divide 299701800?
True
Does 31 divide 781204712?
True
Does 234 divide 95437387?
False
Is 37 a factor of 23944291?
True
Is 54 a factor of 384842650?
False
Does 966 divide 3975915135?
False
Is 347157820 a multiple of 4490?
True
Is 28 a factor of 1096172?
True
Is 12 a factor of 167295543?
False
Is 2717 a factor of 345010094?
True
Is 13277468 a multiple of 72?
False
Is 247695352 a multiple of 4?
True
Is 10 a factor of 37571433?
False
Is 186487519 a multiple of 6915?
False
Does 536 divide 887190171?
False
Is 1168 a factor of 7304672?
True
Does 70 divide 428156214?
False
Is 382 a factor of 19584376?
True
Is 24003497 a multiple of 278?
False
Is 84315236 a multiple of 19?
True
Is 96 a factor of 337605600?
True
Is 6891838 a multiple of 372?
False
Is 205 a factor of 150717845?
True
Is 47 a factor of 90201836?
True
Is 360 a factor of 1408509370?
False
Is 467697300 a multiple of 25?
True
Is 10 a factor of 601216860?
True
Is 94 a factor of 253683346?
True
Does 12 divide 108101223?
False
Is 431 a factor of 49823598?
False
Does 13 divide 66810597?
False
Does 639 divide 272341941?
False
Is 318377640 a multiple of 1409?
True
Is 4 a factor of 531294230?
False
Does 4484 divide 2312762004?
True
Is 264455950 a multiple of 117?
False
Does 17 divide 40130251?
True
Does 37 divide 11262282?
True
Is 228637261 a multiple of 10?
False
Is 43284081 a multiple of 6?
False
Does 3 divide 42789228?
True
Is 27 a factor of 2885057?
False
Is 3146016664 a multiple of 97?
False
Is 49 a factor of 46562843?
False
Is 426 a factor of 1133331252?
True
Is 276439509 a multiple of 2923?
False
Does 2139 divide 28153518?
True
Is 145487932 a multiple of 6?
False
Is 6 a factor of 10593395?
False
Does 3 divide 222296?
False
Is 3475089 even?
False
Is 1871649 a multiple of 13?
True
Is 1088 a factor of 498142976?
True
Does 13 divide 173862910?
True
Is 817273758 a multiple of 213?
True
Is 1029537938 a multiple of 892?
False
Is 382560909 a multiple of 4?
False
Is 407 a factor of 62477756?
True
Is 15 a factor of 547486905?
True
Is 46363471 a multiple of 1309?
True
Does 67 divide 503339388?
False
Is 28 a factor of 1012648152?
False
Is 76 a factor of 587803446?
False
Is 650 a factor of 578711198?
False
Does 17 divide 1624044?
True
Does 388 divide 32003497?
False
Is 76719725 a multiple of 97?
True
Does 22 divide 51679475?
False
Is 700 a factor of 3205853189?
False
Does 77 divide 44444169?
True
Is 3814 a factor of 269184492?
True
Does 1285 divide 20084550?
True
Is 2130 a factor of 78707760?
True
Does 2868 divide 101563344?
False
Is 341847579 a multiple of 1229?
True
Does 115 divide 184023304?
False
Is 123131484 a multiple of 3128?
False
Is 7484296 a multiple of 45?
False
Is 286760670 a multiple of 2345?
True
Does 74 divide 28149896?
True
Is 6196842650 a multiple of 25?
True
Is 2610654 a multiple of 6?
True
Is 965 a factor of 716235677?
False
Is 8911667 a multiple of 41?
False
Is 173 a factor of 1053000311?
True
Is 1184 a factor of 54821568?
True
Is 3468 a factor of 419447664?
True
Is 277700476 a multiple of 299?
False
Is 104 a factor of 43723368?
True
Is 2201901 a multiple of 4?
False
Does 221 divide 113244098?
False
Does 6 divide 403516557?
False
Is 1232807859 a multiple of 20?
False
Does 122 divide 419070?
True
Does 11 divide 235084773?
True
Is 85 a factor of 9967703?
False
Does 15 divide 548272770?
True
Is 1656 a factor of 31829976?
True
Does 2895 divide 121705800?
True
Is 20834330 a multiple of 814?
True
Is 14847229 a multiple of 445?
False
Does 54 divide 6682502700?
True
Does 48 divide 557504496?
True
Does 184 divide 49464904?
True
Does 6074 divide 1311856446?
True
Is 1457787375 a multiple of 2475?
True
Does